{"id":3409,"date":"2018-03-19T17:03:55","date_gmt":"2018-03-19T16:03:55","guid":{"rendered":"http:\/\/parafia-przyszowice.pl\/w\/?page_id=3409"},"modified":"2018-03-20T18:25:13","modified_gmt":"2018-03-20T17:25:13","slug":"domowy-kosciol","status":"publish","type":"page","link":"https:\/\/parafia-przyszowice.pl\/w\/grupy-parafialne\/domowy-kosciol\/","title":{"rendered":"Domowy Ko\u015bci\u00f3\u0142"},"content":{"rendered":"<p><img loading=\"lazy\" decoding=\"async\" class=\"size-full wp-image-3412 alignleft\" src=\"https:\/\/parafia-przyszowice.pl\/w\/wp-content\/uploads\/2018\/03\/1.png\" alt=\"\" width=\"175\" height=\"175\" srcset=\"https:\/\/parafia-przyszowice.pl\/w\/wp-content\/uploads\/2018\/03\/1.png 175w, https:\/\/parafia-przyszowice.pl\/w\/wp-content\/uploads\/2018\/03\/1-150x150.png 150w\" sizes=\"auto, (max-width: 175px) 100vw, 175px\" \/><\/p>\n<p><strong>DOMOWY KO\u015aCI\u00d3\u0141<\/strong> to ga\u0142\u0105\u017a rodzinna Ruchu \u015awiat\u0142o \u2013 \u017bycie za\u0142o\u017conego przez S\u0142ug\u0119 Bo\u017cego ksi\u0119dza Franciszka Blachnickiego.<\/p>\n<p>W Domowym Ko\u015bciele wsp\u00f3lnot\u0119 tworz\u0105 ma\u0142\u017ce\u0144stwa sakramentalne, kt\u00f3re staraj\u0105 si\u0119 czerpa\u0107 z sakramentu ma\u0142\u017ce\u0144stwa \u0142ask\u0119 i moc.<\/p>\n<p><img loading=\"lazy\" decoding=\"async\" class=\"size-medium wp-image-3413 alignright\" src=\"https:\/\/parafia-przyszowice.pl\/w\/wp-content\/uploads\/2018\/03\/2-207x300.jpg\" alt=\"\" width=\"207\" height=\"300\" srcset=\"https:\/\/parafia-przyszowice.pl\/w\/wp-content\/uploads\/2018\/03\/2-207x300.jpg 207w, https:\/\/parafia-przyszowice.pl\/w\/wp-content\/uploads\/2018\/03\/2.jpg 480w\" sizes=\"auto, (max-width: 207px) 100vw, 207px\" \/><\/p>\n<p>Staraj\u0105 si\u0119 tak\u017ce wychowywa\u0107 swoje dzieci w klimacie jedno\u015bci z\u00a0Bogiem i Ko\u015bcio\u0142em. Duchowo\u015b\u0107 ma\u0142\u017ce\u0144ska proponowana w ramach Domowego Ko\u015bcio\u0142a jest realizowana poprzez przyj\u0119cie element\u00f3w formacyjnych nazywanych zobowi\u0105zaniami \u2013 darami.\u00a0Nale\u017c\u0105 do nich mi\u0119dzy innymi modlitwa osobista, rodzinna i dialog ma\u0142\u017ce\u0144ski.<\/p>\n<p>W naszej parafii obecni dzia\u0142a jeden kr\u0105g sk\u0142adaj\u0105cy si\u0119 z pi\u0119ciu rodzin. Rodziny te spotykaj\u0105 si\u0119 wraz z kap\u0142anem raz w miesi\u0105cu. Na spotkaniach dziel\u0105 si\u0119 swoimi prze\u017cyciami, wsp\u00f3lnie modl\u0105 si\u0119 oraz rozwa\u017caj\u0105 Pismo \u015awi\u0119te i duchowo\u015b\u0107 Ruchu.\u00a0 Tworz\u0105 prawdziw\u0105 wsp\u00f3lnot\u0119 uczestnicz\u0105c w \u017cyciu parafii oraz pomagaj\u0105c sobie wzajemnie i otaczaj\u0105c si\u0119 modlitw\u0105.<\/p>\n<p>Osoby zainteresowane przyst\u0105pieniem do Domowego Ko\u015bcio\u0142a zapraszamy do kontaktu z\u00a0ksi\u0119dzem wikarym b\u0105d\u017a animatorami kr\u0119gu pod numerem telefonu <strong>793 595 557<\/strong>.<\/p>\n","protected":false},"excerpt":{"rendered":"<p>DOMOWY KO\u015aCI\u00d3\u0141 to ga\u0142\u0105\u017a rodzinna Ruchu \u015awiat\u0142o \u2013 \u017bycie za\u0142o\u017conego przez S\u0142ug\u0119 Bo\u017cego ksi\u0119dza Franciszka Blachnickiego. W Domowym Ko\u015bciele wsp\u00f3lnot\u0119 tworz\u0105 ma\u0142\u017ce\u0144stwa sakramentalne, kt\u00f3re staraj\u0105 si\u0119 czerpa\u0107 z sakramentu ma\u0142\u017ce\u0144stwa \u0142ask\u0119 i moc. Staraj\u0105 si\u0119 tak\u017ce wychowywa\u0107 swoje dzieci w klimacie jedno\u015bci z\u00a0Bogiem i Ko\u015bcio\u0142em. Duchowo\u015b\u0107 ma\u0142\u017ce\u0144ska proponowana w ramach Domowego Ko\u015bcio\u0142a jest realizowana poprzez [&hellip;]<\/p>\n","protected":false},"author":1,"featured_media":0,"parent":3407,"menu_order":0,"comment_status":"closed","ping_status":"closed","template":"","meta":{"footnotes":""},"class_list":["post-3409","page","type-page","status-publish","hentry"],"_links":{"self":[{"href":"https:\/\/parafia-przyszowice.pl\/w\/wp-json\/wp\/v2\/pages\/3409","targetHints":{"allow":["GET"]}}],"collection":[{"href":"https:\/\/parafia-przyszowice.pl\/w\/wp-json\/wp\/v2\/pages"}],"about":[{"href":"https:\/\/parafia-przyszowice.pl\/w\/wp-json\/wp\/v2\/types\/page"}],"author":[{"embeddable":true,"href":"https:\/\/parafia-przyszowice.pl\/w\/wp-json\/wp\/v2\/users\/1"}],"replies":[{"embeddable":true,"href":"https:\/\/parafia-przyszowice.pl\/w\/wp-json\/wp\/v2\/comments?post=3409"}],"version-history":[{"count":8,"href":"https:\/\/parafia-przyszowice.pl\/w\/wp-json\/wp\/v2\/pages\/3409\/revisions"}],"predecessor-version":[{"id":3434,"href":"https:\/\/parafia-przyszowice.pl\/w\/wp-json\/wp\/v2\/pages\/3409\/revisions\/3434"}],"up":[{"embeddable":true,"href":"https:\/\/parafia-przyszowice.pl\/w\/wp-json\/wp\/v2\/pages\/3407"}],"wp:attachment":[{"href":"https:\/\/parafia-przyszowice.pl\/w\/wp-json\/wp\/v2\/media?parent=3409"}],"curies":[{"name":"wp","href":"https:\/\/api.w.org\/{rel}","templated":true}]}}